{"id":140,"date":"2020-09-06T11:23:07","date_gmt":"2020-09-06T09:23:07","guid":{"rendered":"http:\/\/vme.hu\/wprs\/?page_id=140"},"modified":"2020-09-06T11:23:07","modified_gmt":"2020-09-06T09:23:07","slug":"repertoar","status":"publish","type":"page","link":"http:\/\/vme.hu\/wprs\/?page_id=140","title":{"rendered":"Reperto\u00e1r"},"content":{"rendered":"\n<p><strong>A TELJES REPERTO\u00c1RB\u00d3L V\u00c1LOGATVA:<\/strong><\/p>\n\n\n\n<p>Egy \u00e9s k\u00e9t r\u00e9szes \u00f6n\u00e1ll\u00f3 folkl\u00f3r m\u0171sorok:<\/p>\n\n\n\n<p>Benedek Attila: Farsangol\u00e1s a Guzsajasban (farsangi j\u00e1t\u00e9kok \u00e9s t\u00e1ncok a bukovinai, jobb\u00e1gytelki \u00e9s felcs\u00edki hayom\u00e1nyban)<\/p>\n\n\n\n<p>Bal\u00e1zs P\u00e9ter: Sz\u00fcl\u0151f\u00f6ldem Magyarorsz\u00e1g<br>&nbsp;&nbsp;&nbsp;&nbsp;&nbsp;&nbsp;&nbsp;&nbsp;&nbsp;&nbsp;&nbsp;&nbsp;&nbsp;&nbsp;&nbsp;&nbsp;&nbsp;&nbsp; 1. r\u00e9sz T\u00e1ncok a mai Magyarorsz\u00e1g ter\u00fclet\u00e9r\u0151l (R\u00e1bak\u00f6z, Mez\u0151f\u00f6ld, Somogy, S\u00e1rk\u00f6z, D\u00e9l-Alf\u00f6ld, Borsod-Aba\u00faj-Zempl\u00e9n, Szatm\u00e1r)<br>&nbsp;&nbsp;&nbsp;&nbsp;&nbsp;&nbsp;&nbsp;&nbsp;&nbsp;&nbsp;&nbsp;&nbsp;&nbsp;&nbsp;&nbsp;&nbsp;&nbsp;&nbsp; 2. r\u00e9sz Erd\u00e9ly (Szil\u00e1gys\u00e1g, Kalotaszeg, Mez\u0151s\u00e9g, Sz\u00e9kelyf\u00f6ld, Felcs\u00edk, Gyimes, Moldva)<\/p>\n\n\n\n<p>L. Nyurga Ferenc: Sz\u00e9kelyf\u00f6ldi mulats\u00e1g (bukovinai, mez\u0151paniti, jobb\u00e1gytelki, maross\u00e1rpataki \u00e9s felcs\u00edki t\u00e1ncokb\u00f3l \u00f6ssze\u00e1ll\u00edtva)<\/p>\n\n\n\n<p>Bal\u00e1zs P\u00e9ter: &#8222;&#8230;a R\u00e1bak\u00f6ziek\u00e9&#8230;&#8221;<\/p>\n\n\n\n<p><strong>Folkl\u00f3r sz\u00e1mok:<\/strong><br>Lengyel Szabolcs \u2013 B\u00e9res Anik\u00f3: Budatelki t\u00e1ncok<br>Benedek Attila: Buzai t\u00e1ncok<br>Bal\u00e1zs P\u00e9ter: Borsod-Aba\u00faj-Zempl\u00e9ni mulats\u00e1g<br>Benedek Attila: Rim\u00f3ci t\u00e1ncok<br>Bal\u00e1zs P\u00e9ter: Veresegyh\u00e1zi mulats\u00e1g<br>Horv\u00e1th Elek vajdaszentiv\u00e1nyi pr\u00edm\u00e1s zen\u00e9je alapj\u00e1n \u00f6ssze\u00e1ll\u00edtotta Hajd\u00fa Fl\u00f3ri\u00e1n \u2013 Hajd\u00fa Fl\u00f3ri\u00e1n, T\u00f3th Beatrix: &nbsp;\u201eKetten ment\u00fcnk a g\u00f6d\u00f6rbe, h\u00e1rman j\u00f6tt\u00fcnk ki bel\u0151le\u2026\u201d<br>Fitos Dezs\u0151 &#8211; Kocsis Enik\u0151: Mozsika \u00e9s Gardony<br>Papp Istv\u00e1n G\u00e1zsa \u2013 Benedek Attila, Halmai Krisztina:Bonchidai t\u00e1ncok<br>Papp Istv\u00e1n G\u00e1zsa \u2013 Benedek Attila, Halmai Krisztina: Kalotaszegi t\u00e1ncok<\/p>\n\n\n\n<p><strong>Tematikus sz\u00e1mok:<\/strong><br>Cs\u00edk Roberta &#8211; Bal\u00e1zs P\u00e9ter: Sz\u00e9passzonyok \u00e9neke<br>Bal\u00e1zs P\u00e9ter: A P\u00e1l utcaiak<br>L. Nyurga Ferenc: Tili-toli<br>L. Nyurga Ferenc: &#8222;Reggelig csak&#8230;&#8221;<br>Benedek Attila: Katon\u00e1k voltunk<br>Bal\u00e1zs P\u00e9ter: Kapcsolatok<br>Bal\u00e1zs P\u00e9ter: &#8222;&#8230;itt van a v\u00e1ros, vagyunk lak\u00f3i&#8230;&#8221;<\/p>\n","protected":false},"excerpt":{"rendered":"<p>A TELJES REPERTO\u00c1RB\u00d3L V\u00c1LOGATVA: Egy \u00e9s k\u00e9t r\u00e9szes \u00f6n\u00e1ll\u00f3 folkl\u00f3r m\u0171sorok: Benedek Attila: Farsangol\u00e1s a Guzsajasban (farsangi j\u00e1t\u00e9kok \u00e9s t\u00e1ncok a bukovinai, jobb\u00e1gytelki \u00e9s felcs\u00edki [&hellip;]<\/p>\n","protected":false},"author":1,"featured_media":0,"parent":0,"menu_order":0,"comment_status":"closed","ping_status":"closed","template":"","meta":{"_mc_calendar":[]},"_links":{"self":[{"href":"http:\/\/vme.hu\/wprs\/index.php?rest_route=\/wp\/v2\/pages\/140"}],"collection":[{"href":"http:\/\/vme.hu\/wprs\/index.php?rest_route=\/wp\/v2\/pages"}],"about":[{"href":"http:\/\/vme.hu\/wprs\/index.php?rest_route=\/wp\/v2\/types\/page"}],"author":[{"embeddable":true,"href":"http:\/\/vme.hu\/wprs\/index.php?rest_route=\/wp\/v2\/users\/1"}],"replies":[{"embeddable":true,"href":"http:\/\/vme.hu\/wprs\/index.php?rest_route=%2Fwp%2Fv2%2Fcomments&post=140"}],"version-history":[{"count":1,"href":"http:\/\/vme.hu\/wprs\/index.php?rest_route=\/wp\/v2\/pages\/140\/revisions"}],"predecessor-version":[{"id":141,"href":"http:\/\/vme.hu\/wprs\/index.php?rest_route=\/wp\/v2\/pages\/140\/revisions\/141"}],"wp:attachment":[{"href":"http:\/\/vme.hu\/wprs\/index.php?rest_route=%2Fwp%2Fv2%2Fmedia&parent=140"}],"curies":[{"name":"wp","href":"https:\/\/api.w.org\/{rel}","templated":true}]}}

Repertoár

<p><strong>A TELJES REPERTOÁRBÓL VÁLOGATVA:</strong></p>



<p>Egy és két részes önálló folklór műsorok:</p>



<p>Benedek Attila: Farsangolás a Guzsajasban (farsangi játékok és táncok a bukovinai, jobbágytelki és felcsíki hayományban)</p>



<p>Balázs Péter: Szülőföldem Magyarország<br>&nbsp;&nbsp;&nbsp;&nbsp;&nbsp;&nbsp;&nbsp;&nbsp;&nbsp;&nbsp;&nbsp;&nbsp;&nbsp;&nbsp;&nbsp;&nbsp;&nbsp;&nbsp; 1. rész Táncok a mai Magyarország területéről (Rábaköz, Mezőföld, Somogy, Sárköz, Dél-Alföld, Borsod-Abaúj-Zemplén, Szatmár)<br>&nbsp;&nbsp;&nbsp;&nbsp;&nbsp;&nbsp;&nbsp;&nbsp;&nbsp;&nbsp;&nbsp;&nbsp;&nbsp;&nbsp;&nbsp;&nbsp;&nbsp;&nbsp; 2. rész Erdély (Szilágyság, Kalotaszeg, Mezőség, Székelyföld, Felcsík, Gyimes, Moldva)</p>



<p>L. Nyurga Ferenc: Székelyföldi mulatság (bukovinai, mezőpaniti, jobbágytelki, marossárpataki és felcsíki táncokból összeállítva)</p>



<p>Balázs Péter: &#8222;&#8230;a Rábaközieké&#8230;&#8221;</p>



<p><strong>Folklór számok:</strong><br>Lengyel Szabolcs – Béres Anikó: Budatelki táncok<br>Benedek Attila: Buzai táncok<br>Balázs Péter: Borsod-Abaúj-Zempléni mulatság<br>Benedek Attila: Rimóci táncok<br>Balázs Péter: Veresegyházi mulatság<br>Horváth Elek vajdaszentiványi prímás zenéje alapján összeállította Hajdú Flórián – Hajdú Flórián, Tóth Beatrix: &nbsp;„Ketten mentünk a gödörbe, hárman jöttünk ki belőle…”<br>Fitos Dezső &#8211; Kocsis Enikő: Mozsika és Gardony<br>Papp István Gázsa – Benedek Attila, Halmai Krisztina:Bonchidai táncok<br>Papp István Gázsa – Benedek Attila, Halmai Krisztina: Kalotaszegi táncok</p>



<p><strong>Tematikus számok:</strong><br>Csík Roberta &#8211; Balázs Péter: Szépasszonyok éneke<br>Balázs Péter: A Pál utcaiak<br>L. Nyurga Ferenc: Tili-toli<br>L. Nyurga Ferenc: &#8222;Reggelig csak&#8230;&#8221;<br>Benedek Attila: Katonák voltunk<br>Balázs Péter: Kapcsolatok<br>Balázs Péter: &#8222;&#8230;itt van a város, vagyunk lakói&#8230;&#8221;</p>

<p>A TELJES REPERTOÁRBÓL VÁLOGATVA: Egy és két részes önálló folklór műsorok: Benedek Attila: Farsangolás a Guzsajasban (farsangi játékok és táncok a bukovinai, jobbágytelki és felcsíki [&hellip;]</p>
