{"id":37,"date":"2020-08-29T19:39:05","date_gmt":"2020-08-29T17:39:05","guid":{"rendered":"http:\/\/vme.hu\/wprs\/?page_id=37"},"modified":"2022-05-26T14:47:31","modified_gmt":"2022-05-26T12:47:31","slug":"vasas-tanckar","status":"publish","type":"page","link":"http:\/\/vme.hu\/wprs\/?page_id=37","title":{"rendered":"Vasas T\u00e1nckar"},"content":{"rendered":"\n<figure class=\"wp-block-image\"><img decoding=\"async\" src=\"http:\/\/ferrum.vme.hu\/sites\/default\/files\/kepek\/hatalmas_5540_szatmari1.jpg\" alt=\"\"\/><\/figure>\n\n\n\n<p>A Vasas M\u0171v\u00e9szegy\u00fcttes T\u00e1nckar\u00e1t Dr. P\u00f3r Anna (t\u00e1ncm\u0171v\u00e9sz, t\u00e1nckritikus, sz\u00ednh\u00e1zt\u00f6rt\u00e9n\u00e9sz) alap\u00edtotta 1947-ben, amely az orsz\u00e1g egyik legr\u00e9gebbi egy\u00fcttesek\u00e9nt az\u00f3ta is megszak\u00edt\u00e1s n\u00e9lk\u00fcl m\u0171k\u00f6dik.<\/p>\n\n\n\n<p>Az egy\u00fcttes m\u0171v\u00e9szeti arculat\u00e1t is meghat\u00e1roz\u00f3 m\u0171v\u00e9szeti- \u00e9s t\u00e1nckarvezet\u0151i voltak:<\/p>\n\n\n\n<p>Dr. P\u00f3r Anna, Szigeti K\u00e1roly, Gy\u00f6rgyfalvai Katalin, Galambos Tibor, Mos\u00f3czi Istv\u00e1n, Hidas Gy\u00f6rgy, Stoller Antal Huba, Mih\u00e1lyi J\u00f3zsef<\/p>\n\n\n\n<p>A Vasas T\u00e1nckar a t\u00e1nch\u00e1z-mozgalom egyik alap\u00edt\u00f3ja.<\/p>\n\n\n\n<p>Az eltelt id\u0151 alatt rangos magyarorsz\u00e1gi \u00e9s k\u00fclf\u00f6ldi fesztiv\u00e1lokon aratott sikereket. Sz\u00e1mos fesztiv\u00e1l d\u00edjat, n\u00edv\u00f3d\u00edjat \u00e9s hazai kultur\u00e1lis d\u00edjat kapott sz\u00ednvonalas munk\u00e1ja elismer\u00e9sek\u00e9nt.<\/p>\n\n\n\n<p>Jelenleg is k\u00e9t f\u0151 ir\u00e1nyvonalat k\u00e9pvisel: az autentikus magyar n\u00e9pt\u00e1nc \u00e9s t\u00e1ncsz\u00ednh\u00e1zi produkci\u00f3k sz\u00ednpadra \u00e1ll\u00edt\u00e1sa. Az egy\u00fcttes reperto\u00e1rj\u00e1n vannak a kis-magyarorsz\u00e1gi t\u00e1jegys\u00e9gek \u00e9s az erd\u00e9lyi dialektus t\u00e1ncai.<br>&nbsp;<\/p>\n\n\n\n<p>A T\u00e1nckar ut\u00e1np\u00f3tl\u00e1s\u00e1t a T\u00c1NCK\u00d6R Alap\u00edtv\u00e1ny gyermekcsoportjai biztos\u00edtj\u00e1k.<\/p>\n\n\n\n<p>A T\u00e1nckar fenntart\u00f3ja a Magyar \u00d6r\u00f6ks\u00e9g-d\u00edjas Vasas M\u0171v\u00e9szegy\u00fcttes Alap\u00edtv\u00e1ny.<\/p>\n\n\n\n<p>A T\u00e1nckar m\u0171v\u00e9szeti vezet\u0151i: <strong>Bacs\u00f3 Lilla \u00e9s Darabos P\u00e9ter<\/strong><\/p>\n\n\n\n<p>Pr\u00f3banapok: kedd \u00e9s p\u00e9ntek 19:00-21:30<\/p>\n\n\n\n<p>2017. november 06-t\u00f3l a T\u00e1nckar \u00e9s Obsitos csoport pr\u00f3b\u00e1i a 1088 Budapest, Szentkir\u00e1lyi utca 26-ban<\/p>\n\n\n\n<p class=\"has-tan-color has-red-background-color has-text-color has-background\"><a href=\"?page_id=137\">Obsitos csoport<\/a><\/p>\n\n\n\n<p class=\"has-tan-color has-red-background-color has-text-color has-background\"><a href=\"?page_id=140\">Reperto\u00e1r<\/a><\/p>\n\n\n\n<p class=\"has-tan-color has-red-background-color has-text-color has-background\"><a href=\"?page_id=143\">A T\u00e1nckar<\/a> tagjai<\/p>\n\n\n\n<p class=\"has-tan-color has-red-background-color has-text-color has-background\"><a href=\"?page_id=146\">Ut\u00e1np\u00f3tl\u00e1s csoportok<\/a><\/p>\n\n\n\n<p class=\"has-tan-color has-red-background-color has-text-color has-background\"><a href=\"?page_id=151\">F\u00e9nyk\u00e9pek<\/a><\/p>\n\n\n\n<p class=\"has-tan-color has-red-background-color has-text-color has-background\"><a href=\"?page_id=156\">D\u00edjak, eredm\u00e9nyek<\/a><\/p>\n\n\n\n<p><img decoding=\"async\" alt=\"\" src=\"http:\/\/192.168.2.19\/vme\/ferrum\/sites\/default\/files\/kepek\/zaszlok\/flag_en.gif\"><br>The <strong>Vasas Dance Ensemble<\/strong> was formed in 1947 and since been funded by Hungarian Trades Union Council unceasingly. Members are mainly pupils, students and young fellows who participate in various activities.<\/p>\n\n\n\n<p>The Dance group has been a Hungarian folklore dance group on the forefront since its formation. It has won various high-ranking awards.<br>One of the outstanding of these was a Gold Chain Award from DIJON International Folklore festival.<\/p>\n\n\n\n<p>The group is known for its regular international participations and on stages throughout Hungary. Its main objectives are to raise the standard of folklore performances and give an eminent presentation on stage. And at the same time striving to bring the various ethnic folklores onto the stage. As you are all aware of our endeavors to interprete today\u0092s thoughts, the awareness of life, and the private-social problems of our society through folklores.<br>In this area, of course the Dance group recorded numerous successes. For instace, it received the Hungarian Trades Union Council Award of 1997.<\/p>\n\n\n\n<p class=\"has-tan-color has-red-background-color has-text-color has-background\"><a href=\"?page_id=151\">Photos<\/a><\/p>\n\n\n\n<p><img decoding=\"async\" alt=\"\" src=\"http:\/\/192.168.2.19\/vme\/ferrum\/sites\/default\/files\/kepek\/zaszlok\/flag_de.gif\"><br>Die <strong>Vasas Kunstensemble<\/strong> &#8211; hat eine der langsten und erfolgreichsten Historie in Ungarn &#8211; wurde in 1947 gegr\u00fcndet. Im vorigen Jahren die Ensemble hat an vielen niveauvollen einheimischen und auslandischen Festivalen Erfolge erreicht. In ihrem Koregrafien, Vasas erhalt die Traditionen der Folklore des Karpatenbeckens und Vasas hat die Meinung solche St\u00fccke ins Leben rufen, die die Denkart und die Gef\u00fchle der heutigen Leuten zur\u00fcckgeben. Neben der fl\u00fcssige produktive Arbeit wird die Repertoire mit den Choreografien anderer Choreografen bereichern.<br>Die Nachwuchs der Ensemble wurde durch die Z\u00f6glinge der Kunstschule von Hidas Gy\u00f6rgy gesichert.<\/p>\n\n\n\n<p class=\"has-tan-color has-red-background-color has-text-color has-background\"><a href=\"?page_id=151\">Fotos<\/a><\/p>\n","protected":false},"excerpt":{"rendered":"<p>A Vasas M\u0171v\u00e9szegy\u00fcttes T\u00e1nckar\u00e1t Dr. P\u00f3r Anna (t\u00e1ncm\u0171v\u00e9sz, t\u00e1nckritikus, sz\u00ednh\u00e1zt\u00f6rt\u00e9n\u00e9sz) alap\u00edtotta 1947-ben, amely az orsz\u00e1g egyik legr\u00e9gebbi egy\u00fcttesek\u00e9nt az\u00f3ta is megszak\u00edt\u00e1s n\u00e9lk\u00fcl m\u0171k\u00f6dik. Az egy\u00fcttes [&hellip;]<\/p>\n","protected":false},"author":1,"featured_media":0,"parent":0,"menu_order":0,"comment_status":"closed","ping_status":"closed","template":"","meta":{"_mc_calendar":[]},"_links":{"self":[{"href":"http:\/\/vme.hu\/wprs\/index.php?rest_route=\/wp\/v2\/pages\/37"}],"collection":[{"href":"http:\/\/vme.hu\/wprs\/index.php?rest_route=\/wp\/v2\/pages"}],"about":[{"href":"http:\/\/vme.hu\/wprs\/index.php?rest_route=\/wp\/v2\/types\/page"}],"author":[{"embeddable":true,"href":"http:\/\/vme.hu\/wprs\/index.php?rest_route=\/wp\/v2\/users\/1"}],"replies":[{"embeddable":true,"href":"http:\/\/vme.hu\/wprs\/index.php?rest_route=%2Fwp%2Fv2%2Fcomments&post=37"}],"version-history":[{"count":14,"href":"http:\/\/vme.hu\/wprs\/index.php?rest_route=\/wp\/v2\/pages\/37\/revisions"}],"predecessor-version":[{"id":317,"href":"http:\/\/vme.hu\/wprs\/index.php?rest_route=\/wp\/v2\/pages\/37\/revisions\/317"}],"wp:attachment":[{"href":"http:\/\/vme.hu\/wprs\/index.php?rest_route=%2Fwp%2Fv2%2Fmedia&parent=37"}],"curies":[{"name":"wp","href":"https:\/\/api.w.org\/{rel}","templated":true}]}}

Vasas Tánckar

<figure class="wp-block-image"><img decoding="async" src="http://ferrum.vme.hu/sites/default/files/kepek/hatalmas_5540_szatmari1.jpg" alt=""/></figure>



<p>A Vasas Művészegyüttes Tánckarát Dr. Pór Anna (táncművész, tánckritikus, színháztörténész) alapította 1947-ben, amely az ország egyik legrégebbi együtteseként azóta is megszakítás nélkül működik.</p>



<p>Az együttes művészeti arculatát is meghatározó művészeti- és tánckarvezetői voltak:</p>



<p>Dr. Pór Anna, Szigeti Károly, Györgyfalvai Katalin, Galambos Tibor, Mosóczi István, Hidas György, Stoller Antal Huba, Mihályi József</p>



<p>A Vasas Tánckar a táncház-mozgalom egyik alapítója.</p>



<p>Az eltelt idő alatt rangos magyarországi és külföldi fesztiválokon aratott sikereket. Számos fesztivál díjat, nívódíjat és hazai kulturális díjat kapott színvonalas munkája elismeréseként.</p>



<p>Jelenleg is két fő irányvonalat képvisel: az autentikus magyar néptánc és táncszínházi produkciók színpadra állítása. Az együttes repertoárján vannak a kis-magyarországi tájegységek és az erdélyi dialektus táncai.<br>&nbsp;</p>



<p>A Tánckar utánpótlását a TÁNCKÖR Alapítvány gyermekcsoportjai biztosítják.</p>



<p>A Tánckar fenntartója a Magyar Örökség-díjas Vasas Művészegyüttes Alapítvány.</p>



<p>A Tánckar művészeti vezetői: <strong>Bacsó Lilla és Darabos Péter</strong></p>



<p>Próbanapok: kedd és péntek 19:00-21:30</p>



<p>2017. november 06-tól a Tánckar és Obsitos csoport próbái a 1088 Budapest, Szentkirályi utca 26-ban</p>



<p class="has-tan-color has-red-background-color has-text-color has-background"><a href="?page_id=137">Obsitos csoport</a></p>



<p class="has-tan-color has-red-background-color has-text-color has-background"><a href="?page_id=140">Repertoár</a></p>



<p class="has-tan-color has-red-background-color has-text-color has-background"><a href="?page_id=143">A Tánckar</a> tagjai</p>



<p class="has-tan-color has-red-background-color has-text-color has-background"><a href="?page_id=146">Utánpótlás csoportok</a></p>



<p class="has-tan-color has-red-background-color has-text-color has-background"><a href="?page_id=151">Fényképek</a></p>



<p class="has-tan-color has-red-background-color has-text-color has-background"><a href="?page_id=156">Díjak, eredmények</a></p>



<p><img decoding="async" alt="" src="http://192.168.2.19/vme/ferrum/sites/default/files/kepek/zaszlok/flag_en.gif"><br>The <strong>Vasas Dance Ensemble</strong> was formed in 1947 and since been funded by Hungarian Trades Union Council unceasingly. Members are mainly pupils, students and young fellows who participate in various activities.</p>



<p>The Dance group has been a Hungarian folklore dance group on the forefront since its formation. It has won various high-ranking awards.<br>One of the outstanding of these was a Gold Chain Award from DIJON International Folklore festival.</p>



<p>The group is known for its regular international participations and on stages throughout Hungary. Its main objectives are to raise the standard of folklore performances and give an eminent presentation on stage. And at the same time striving to bring the various ethnic folklores onto the stage. As you are all aware of our endeavors to interprete todays thoughts, the awareness of life, and the private-social problems of our society through folklores.<br>In this area, of course the Dance group recorded numerous successes. For instace, it received the Hungarian Trades Union Council Award of 1997.</p>



<p class="has-tan-color has-red-background-color has-text-color has-background"><a href="?page_id=151">Photos</a></p>



<p><img decoding="async" alt="" src="http://192.168.2.19/vme/ferrum/sites/default/files/kepek/zaszlok/flag_de.gif"><br>Die <strong>Vasas Kunstensemble</strong> &#8211; hat eine der langsten und erfolgreichsten Historie in Ungarn &#8211; wurde in 1947 gegründet. Im vorigen Jahren die Ensemble hat an vielen niveauvollen einheimischen und auslandischen Festivalen Erfolge erreicht. In ihrem Koregrafien, Vasas erhalt die Traditionen der Folklore des Karpatenbeckens und Vasas hat die Meinung solche Stücke ins Leben rufen, die die Denkart und die Gefühle der heutigen Leuten zurückgeben. Neben der flüssige produktive Arbeit wird die Repertoire mit den Choreografien anderer Choreografen bereichern.<br>Die Nachwuchs der Ensemble wurde durch die Zöglinge der Kunstschule von Hidas György gesichert.</p>



<p class="has-tan-color has-red-background-color has-text-color has-background"><a href="?page_id=151">Fotos</a></p>

<p>A Vasas Művészegyüttes Tánckarát Dr. Pór Anna (táncművész, tánckritikus, színháztörténész) alapította 1947-ben, amely az ország egyik legrégebbi együtteseként azóta is megszakítás nélkül működik. Az együttes [&hellip;]</p>
