{"id":41,"date":"2020-08-29T19:42:50","date_gmt":"2020-08-29T17:42:50","guid":{"rendered":"http:\/\/vme.hu\/wprs\/?page_id=41"},"modified":"2020-09-06T11:58:06","modified_gmt":"2020-09-06T09:58:06","slug":"vass-lajos-szimfonikus-zenekar","status":"publish","type":"page","link":"http:\/\/vme.hu\/wprs\/?page_id=41","title":{"rendered":"Vass Lajos Szimfonikus Zenekar"},"content":{"rendered":"\n<figure class=\"wp-block-image\"><a href=\"https:\/\/docs.google.com\/forms\/d\/1lusDx2yGsgUn4yV1zdWhxMmg94qBGfLMw1mp9lxzfuY\/viewform?edit_requested=true\" target=\"_blank\" rel=\"noreferrer noopener\"><img decoding=\"async\" src=\"http:\/\/ferrum.vme.hu\/sites\/default\/files\/kepek\/toborzo2018.preview.jpg\" alt=\"\"\/><\/a><\/figure>\n\n\n\n<p><strong>\u00daj lend\u00fclet \u00fajabb 70 \u00e9vre<\/strong><\/p>\n\n\n\n<p><strong>A 70. \u00e9vad\u00e1t&nbsp;\u00fcnnepl\u0151 Vass Lajos Szimfonikus Zenekar az \u00faj \u00e9vben \u00faj arculatot \u00e9s lend\u00fcletet k\u00edv\u00e1n adni saj\u00e1t t\u00f6rt\u00e9net\u00e9nek. Ebb\u0151l viszont nem hi\u00e1nyozhatnak az \u00faj \u00e9s lelkes tagok.<\/strong><\/p>\n\n\n\n<p><strong>V\u00e1rjuk teh\u00e1t mindazon, legal\u00e1bb alapfok\u00fa hangszeres k\u00e9pzetts\u00e9g\u0171 zen\u00e9szek jelentkez\u00e9s\u00e9t, akik hetente egy esti alkalommal sz\u00edvesen j\u00e1tszan\u00e1nak egy olyan zenekarban, amelynek reperto\u00e1rj\u00e1n a nagy klasszikusokt\u00f3l a filmzen\u00e9ig \u00e9s zen\u00e9s sz\u00ednh\u00e1zi m\u0171fajokig mindenf\u00e9le zen\u00e9t tal\u00e1lnak, \u00e9s r\u00e9szesei szeretn\u00e9nek lenni egy nagy m\u00falt\u00fa egy\u00fcttes tov\u00e1bbi fejl\u0151d\u00e9s\u00e9nek.&nbsp;<br>Jelentkezni <\/strong><a href=\"https:\/\/docs.google.com\/forms\/d\/1lusDx2yGsgUn4yV1zdWhxMmg94qBGfLMw1mp9lxzfuY\/viewform?edit_requested=true\" rel=\"noreferrer noopener\" target=\"_blank\"><strong>itt<\/strong><\/a><strong> lehet, 2019. 02. 03-ig!<\/strong><\/p>\n\n\n\n<p><strong>A zenekarr\u00f3l tov\u00e1bbi inform\u00e1ci\u00f3 a <\/strong><a href=\"http:\/\/vme.hu\/\" rel=\"noreferrer noopener\" target=\"_blank\"><strong>vme.hu<\/strong><\/a><strong> honlapon \u00e9s a zenekar Facebook oldal\u00e1n tal\u00e1lhat\u00f3. Az esetleges k\u00e9rd\u00e9sekre is sz\u00edvesen v\u00e1laszolunk, melyeket a <\/strong><a href=\"https:\/\/freemail.hu\/static\/frontend\/#\" rel=\"noreferrer noopener\" target=\"_blank\"><strong>vasslajos.zkr@gmail.com<\/strong><\/a><strong> c\u00edmre v\u00e1runk.<\/strong><\/p>\n\n\n\n<figure class=\"wp-block-image\"><img decoding=\"async\" src=\"http:\/\/ferrum.vme.hu\/sites\/default\/files\/kepek\/hatalmas_2003_Vigado_zkar.jpg\" alt=\"\"\/><\/figure>\n\n\n\n<p>&nbsp;A Vass Lajos Szimfonikus Zenekar 1949-ben alakult. Jelenleg 20 f\u0151s tagl\u00e9tsz\u00e1mmal rendelkezik. Reperto\u00e1rj\u00e1ban nagyzenekari klasszikus m\u0171vek (Haydn, Mozart, Beethoven) \u00e9s \u00fajabb kori szerz\u0151k (Bart\u00f3k, Kod\u00e1ly, Hacsaturj\u00e1n, Muszorgszkij) m\u0171vei, valamint n\u00e9pszer\u0171 opera- \u00e9s operett-r\u00e9szletek egyar\u00e1nt tal\u00e1lhat\u00f3k. T\u00f6bb miniszteri elismer\u00e9ssel, k\u00e9tszeres Kiv\u00e1l\u00f3 Egy\u00fcttes c\u00edmmel, MSZOSZ-d\u00edjjal, Vasas M\u0171v\u00e9szeti N\u00edv\u00f3d\u00edjjal \u00e9s a F\u0151v\u00e1rosi Tan\u00e1cs Eml\u00e9kplakettj\u00e9vel rendelkezik.<\/p>\n\n\n\n<p>Az 1949 \u00f3ta m\u0171k\u00f6d\u0151 Vasas M\u0171v\u00e9szegy\u00fcttes Szimfonikus &nbsp;Zenekara fejl\u0151d\u00e9s\u00e9nek egyes szakaszai pontosan meghat\u00e1rozhat\u00f3ak.&nbsp; Az els\u0151 tizenh\u00e1rom \u00e9vben olyan nagysiker\u0171 fell\u00e9p\u00e9sek \u00e9s el\u0151ad\u00e1ssorozatok jellemezt\u00e9k munk\u00e1j\u00e1t, amelyben az \u00e9nekkar \u00e9s a t\u00e1nckar is r\u00e9szt vett.&nbsp; Ezt k\u00f6vet\u0151en ker\u00fclt sor a Vasas Szimfonikus Zenekar \u00f6n\u00e1ll\u00f3 reperto\u00e1rj\u00e1nak kialak\u00edt\u00e1s\u00e1ra. \u00daj arculat\u00e1t a nagyzenekari klasszikus m\u0171vek &#8211; Haydn, Mozart, Beethoven &#8211; \u00e9s \u00fajabbkori szerz\u0151k &#8211; Bart\u00f3k, Kod\u00e1ly, Hacsaturj\u00e1n, Muszorgszkij &#8211; m\u0171veinek, valamint n\u00e9pszer\u0171 opera \u00e9s operett r\u00e9szletek tolm\u00e1csol\u00e1sa hat\u00e1rozta meg.&nbsp; A Vasas Szimfonikus zenekar mindig h\u0171 partnere volt a k\u00f3rusnak k\u00fcl\u00f6nb\u00f6z\u0151 m\u0171fajok bemutat\u00e1sa \u00e9s terjeszt\u00e9se sor\u00e1n. \u00c9let\u00fck jelent\u0151s esem\u00e9nye volt Kod\u00e1ly Zolt\u00e1n szem\u00e9lyes elismer\u00e9se, \u201eSz\u00e9kelyfon\u00f3\u201d c. m\u0171v\u00e9nek bemutat\u00e1sa alkalm\u00e1b\u00f3l.&nbsp; Gyakran v\u00e1llalkozik nagy felk\u00e9sz\u00fclts\u00e9get ig\u00e9nyl\u0151 orat\u00f3rikus m\u0171vek bemutat\u00e1s\u00e1ra a Vass Lajos K\u00f3russal egy\u00fctt.<\/p>\n\n\n\n<p>\u00a0Gy\u00fcm\u00f6lcs\u00f6z\u0151 munkakapcsolatot alak\u00edtott ki a Liszt Ferenc Zenem\u0171v\u00e9szeti F\u0151iskola heged\u0171 \u00e9s \u00e9nek tanszak\u00e1val. Tagjainak t\u00f6bbs\u00e9ge kifejezetten amat\u0151r, \u00edgy az el\u00e9rt eredm\u00e9nyek k\u00f6z\u00f6ss\u00e9gi \u00e9rt\u00e9ke, a nevel\u0151munka sz\u00ednvonala p\u00e9ldamutat\u00f3.\u00a0 H\u00fasz \u00e9ven kereszt\u00fcl a zenekart a kiv\u00e1l\u00f3 karnagy \u00e9s zeneszerz\u0151 Vass Lajos ir\u00e1ny\u00edtotta, 1992 november\u00e9ben bek\u00f6vetkezett hal\u00e1l\u00e1ig. A zenekar egyed\u00fcl\u00e1ll\u00f3 kottat\u00e1rral rendelkezik, melynek darabjai t\u00e9r\u00edt\u00e9s ellen\u00e9ben k\u00f6lcs\u00f6n\u00f6zhet\u0151k.<\/p>\n\n\n\n<p class=\"has-tan-color has-red-background-color has-text-color has-background\"><a href=\"?page_id=164\">A zenekar karmesterei<\/a><\/p>\n\n\n\n<p>Karmester: <strong>Uzsaly Bence<\/strong><\/p>\n\n\n\n<p>Pr\u00f3banapok: kedd \u00e9s p\u00e9ntek 18:30-20:30<\/p>\n\n\n\n<p><\/p>\n","protected":false},"excerpt":{"rendered":"<p>\u00daj lend\u00fclet \u00fajabb 70 \u00e9vre A 70. \u00e9vad\u00e1t&nbsp;\u00fcnnepl\u0151 Vass Lajos Szimfonikus Zenekar az \u00faj \u00e9vben \u00faj arculatot \u00e9s lend\u00fcletet k\u00edv\u00e1n adni saj\u00e1t t\u00f6rt\u00e9net\u00e9nek. Ebb\u0151l viszont [&hellip;]<\/p>\n","protected":false},"author":1,"featured_media":0,"parent":0,"menu_order":0,"comment_status":"closed","ping_status":"closed","template":"","meta":{"_mc_calendar":[]},"_links":{"self":[{"href":"http:\/\/vme.hu\/wprs\/index.php?rest_route=\/wp\/v2\/pages\/41"}],"collection":[{"href":"http:\/\/vme.hu\/wprs\/index.php?rest_route=\/wp\/v2\/pages"}],"about":[{"href":"http:\/\/vme.hu\/wprs\/index.php?rest_route=\/wp\/v2\/types\/page"}],"author":[{"embeddable":true,"href":"http:\/\/vme.hu\/wprs\/index.php?rest_route=\/wp\/v2\/users\/1"}],"replies":[{"embeddable":true,"href":"http:\/\/vme.hu\/wprs\/index.php?rest_route=%2Fwp%2Fv2%2Fcomments&post=41"}],"version-history":[{"count":5,"href":"http:\/\/vme.hu\/wprs\/index.php?rest_route=\/wp\/v2\/pages\/41\/revisions"}],"predecessor-version":[{"id":167,"href":"http:\/\/vme.hu\/wprs\/index.php?rest_route=\/wp\/v2\/pages\/41\/revisions\/167"}],"wp:attachment":[{"href":"http:\/\/vme.hu\/wprs\/index.php?rest_route=%2Fwp%2Fv2%2Fmedia&parent=41"}],"curies":[{"name":"wp","href":"https:\/\/api.w.org\/{rel}","templated":true}]}}

<figure class="wp-block-image"><a href="https://docs.google.com/forms/d/1lusDx2yGsgUn4yV1zdWhxMmg94qBGfLMw1mp9lxzfuY/viewform?edit_requested=true" target="_blank" rel="noreferrer noopener"><img decoding="async" src="http://ferrum.vme.hu/sites/default/files/kepek/toborzo2018.preview.jpg" alt=""/></a></figure>



<p><strong>Új lendület újabb 70 évre</strong></p>



<p><strong>A 70. évadát&nbsp;ünneplő Vass Lajos Szimfonikus Zenekar az új évben új arculatot és lendületet kíván adni saját történetének. Ebből viszont nem hiányozhatnak az új és lelkes tagok.</strong></p>



<p><strong>Várjuk tehát mindazon, legalább alapfokú hangszeres képzettségű zenészek jelentkezését, akik hetente egy esti alkalommal szívesen játszanának egy olyan zenekarban, amelynek repertoárján a nagy klasszikusoktól a filmzenéig és zenés színházi műfajokig mindenféle zenét találnak, és részesei szeretnének lenni egy nagy múltú együttes további fejlődésének.&nbsp;<br>Jelentkezni </strong><a href="https://docs.google.com/forms/d/1lusDx2yGsgUn4yV1zdWhxMmg94qBGfLMw1mp9lxzfuY/viewform?edit_requested=true" rel="noreferrer noopener" target="_blank"><strong>itt</strong></a><strong> lehet, 2019. 02. 03-ig!</strong></p>



<p><strong>A zenekarról további információ a </strong><a href="http://vme.hu/" rel="noreferrer noopener" target="_blank"><strong>vme.hu</strong></a><strong> honlapon és a zenekar Facebook oldalán található. Az esetleges kérdésekre is szívesen válaszolunk, melyeket a </strong><a href="https://freemail.hu/static/frontend/#" rel="noreferrer noopener" target="_blank"><strong>vasslajos.zkr@gmail.com</strong></a><strong> címre várunk.</strong></p>



<figure class="wp-block-image"><img decoding="async" src="http://ferrum.vme.hu/sites/default/files/kepek/hatalmas_2003_Vigado_zkar.jpg" alt=""/></figure>



<p>&nbsp;A Vass Lajos Szimfonikus Zenekar 1949-ben alakult. Jelenleg 20 fős taglétszámmal rendelkezik. Repertoárjában nagyzenekari klasszikus művek (Haydn, Mozart, Beethoven) és újabb kori szerzők (Bartók, Kodály, Hacsaturján, Muszorgszkij) művei, valamint népszerű opera- és operett-részletek egyaránt találhatók. Több miniszteri elismeréssel, kétszeres Kiváló Együttes címmel, MSZOSZ-díjjal, Vasas Művészeti Nívódíjjal és a Fővárosi Tanács Emlékplakettjével rendelkezik.</p>



<p>Az 1949 óta működő Vasas Művészegyüttes Szimfonikus &nbsp;Zenekara fejlődésének egyes szakaszai pontosan meghatározhatóak.&nbsp; Az első tizenhárom évben olyan nagysikerű fellépések és előadássorozatok jellemezték munkáját, amelyben az énekkar és a tánckar is részt vett.&nbsp; Ezt követően került sor a Vasas Szimfonikus Zenekar önálló repertoárjának kialakítására. Új arculatát a nagyzenekari klasszikus művek &#8211; Haydn, Mozart, Beethoven &#8211; és újabbkori szerzők &#8211; Bartók, Kodály, Hacsaturján, Muszorgszkij &#8211; műveinek, valamint népszerű opera és operett részletek tolmácsolása határozta meg.&nbsp; A Vasas Szimfonikus zenekar mindig hű partnere volt a kórusnak különböző műfajok bemutatása és terjesztése során. Életük jelentős eseménye volt Kodály Zoltán személyes elismerése, „Székelyfonó” c. művének bemutatása alkalmából.&nbsp; Gyakran vállalkozik nagy felkészültséget igénylő oratórikus művek bemutatására a Vass Lajos Kórussal együtt.</p>



<p> Gyümölcsöző munkakapcsolatot alakított ki a Liszt Ferenc Zeneművészeti Főiskola hegedű és ének tanszakával. Tagjainak többsége kifejezetten amatőr, így az elért eredmények közösségi értéke, a nevelőmunka színvonala példamutató.  Húsz éven keresztül a zenekart a kiváló karnagy és zeneszerző Vass Lajos irányította, 1992 novemberében bekövetkezett haláláig. A zenekar egyedülálló kottatárral rendelkezik, melynek darabjai térítés ellenében kölcsönözhetők.</p>



<p class="has-tan-color has-red-background-color has-text-color has-background"><a href="?page_id=164">A zenekar karmesterei</a></p>



<p>Karmester: <strong>Uzsaly Bence</strong></p>



<p>Próbanapok: kedd és péntek 18:30-20:30</p>



<p></p>

<p>Új lendület újabb 70 évre A 70. évadát&nbsp;ünneplő Vass Lajos Szimfonikus Zenekar az új évben új arculatot és lendületet kíván adni saját történetének. Ebből viszont [&hellip;]</p>
